{"id":5,"date":"2021-11-13T16:16:51","date_gmt":"2021-11-13T16:16:51","guid":{"rendered":"https:\/\/repaircafe-indersdorf.de\/?page_id=5"},"modified":"2026-03-04T09:56:26","modified_gmt":"2026-03-04T09:56:26","slug":"willkommen-auf-https-repaircafe-indersdorf-de","status":"publish","type":"page","link":"https:\/\/repaircafe-indersdorf.de\/","title":{"rendered":"Repair-Caf\u00e9 Markt Indersdorf"},"content":{"rendered":"\n<p class=\"has-text-align-left\" style=\"font-size:15px\"><a href=\"https:\/\/www.heimatverein-indersdorf.de\/\" target=\"_blank\" rel=\"noreferrer noopener\">beheimatet im Heimatverein Indersdorf e.V.<\/a><\/p>\n\n\n\n<div style=\"height:53px\" aria-hidden=\"true\" class=\"wp-block-spacer\"><\/div>\n\n\n\n<p class=\"has-text-align-center has-blue-color has-text-color has-link-color wp-elements-e4014c3cec1fecfd9a46fd7d66f58e50\" style=\"font-size:24px\">Das Repair-Caf\u00e9 w\u00fcnscht allen<br>ein<br>gutes neues Jahr<\/p>\n\n\n\n<p class=\"has-text-align-center has-large-font-size\"><strong>Samstag<\/strong><\/p>\n\n\n\n<p class=\"has-text-align-center has-blue-color has-text-color\" style=\"font-size:40px\"><strong>28. M\u00e4rz 2026<\/strong><\/p>\n\n\n\n<p class=\"has-text-align-center has-blue-color has-text-color has-normal-font-size\"><strong>ist das Repair-Caf\u00e9 wieder ge\u00f6ffnet.<\/strong><\/p>\n\n\n\n<p><\/p>\n\n\n\n<p class=\"has-text-align-center has-white-color has-text-color has-link-color has-normal-font-size wp-elements-8e1411c00846f48370d3dfe616ec90c3\"><\/p>\n\n\n\n<p class=\"has-text-align-center has-black-color has-electric-grass-gradient-background has-text-color has-background has-link-color wp-elements-4e200feea979157603d763e87e4fa39e\" style=\"font-size:19px\"><strong>Beginn 14:00 Uhr bis 16:00 Uhr<br>im Augustiner Chorherren Museum<\/strong><\/p>\n\n\n\n<p class=\"has-text-align-center\">Bei aktuellen Fragen oder Bedarf, einfach eine Mail senden<\/p>\n\n\n\n<div style=\"height:19px\" aria-hidden=\"true\" class=\"wp-block-spacer\"><\/div>\n\n\n\n<p><\/p>\n\n\n\n<figure class=\"wp-block-image size-large\"><img loading=\"lazy\" decoding=\"async\" width=\"1024\" height=\"576\" src=\"https:\/\/repaircafe-indersdorf.de\/wp-content\/uploads\/2022\/08\/20220730_150233-1024x576.jpg\" alt=\"\" class=\"wp-image-244\" srcset=\"https:\/\/repaircafe-indersdorf.de\/wp-content\/uploads\/2022\/08\/20220730_150233-1024x576.jpg 1024w, https:\/\/repaircafe-indersdorf.de\/wp-content\/uploads\/2022\/08\/20220730_150233-300x169.jpg 300w, https:\/\/repaircafe-indersdorf.de\/wp-content\/uploads\/2022\/08\/20220730_150233-768x432.jpg 768w, https:\/\/repaircafe-indersdorf.de\/wp-content\/uploads\/2022\/08\/20220730_150233-1536x864.jpg 1536w, https:\/\/repaircafe-indersdorf.de\/wp-content\/uploads\/2022\/08\/20220730_150233-2048x1152.jpg 2048w, https:\/\/repaircafe-indersdorf.de\/wp-content\/uploads\/2022\/08\/20220730_150233-400x225.jpg 400w, https:\/\/repaircafe-indersdorf.de\/wp-content\/uploads\/2022\/08\/20220730_150233-780x439.jpg 780w\" sizes=\"auto, (max-width: 1024px) 100vw, 1024px\" \/><\/figure>\n\n\n\n<p class=\"has-normal-font-size\">F\u00fcr die wartenden gibt es Kaffee und Kuchen. Alles l\u00e4uft auf freiwilliger Spendenbasis<\/p>\n\n\n\n<p class=\"has-text-align-center has-white-color has-blue-background-color has-text-color has-background\" style=\"font-size:30px\"><strong>Der \u00fcbliche Ablauf:<\/strong><\/p>\n\n\n\n<p class=\"has-normal-font-size\">Von <strong>14:00 bis 16:00 Uhr<\/strong> <\/p>\n\n\n\n<p class=\"has-blue-color has-text-color has-normal-font-size\">In dieser Zeit werden Elektroger\u00e4te, und Lederhosn ohne Voranmeldung repariert. Einfaches Radlrichten vor Ort ist m\u00f6glich. F\u00fcr alle anderen Reparaturw\u00fcnsche (mechanische Reparaturen) bitten wir um Voranmeldung.<\/p>\n\n\n\n<p class=\"has-blue-color has-text-color has-normal-font-size\">Die reparierten Teile k\u00f6nnen bis 16:00 Uhr wieder abgeholt werden. F\u00fcr die Reparatur muss ein Formular ausgef\u00fcllt werden.<\/p>\n\n\n\n<p><\/p>\n\n\n\n<p class=\"has-text-color\" style=\"color:#f5f85a\"><strong><a href=\"https:\/\/repaircafe-indersdorf.de\/?page_id=154\" data-type=\"page\" data-id=\"154\">Nutzt bitte die M\u00f6glichkeit, das Formular bereits herunterzuladen und vorher auszuf\u00fcllen<\/a><\/strong><\/p>\n\n\n\n<p>Dies dient f\u00fcr uns dazu, die getane Arbeit festzuhalten und Eure R\u00fcckmeldungen auszuwerten.<\/p>\n\n\n\n<div style=\"height:28px\" aria-hidden=\"true\" class=\"wp-block-spacer\"><\/div>\n\n\n\n<p><strong>Unser Repair-Caf\u00e9:<\/strong><\/p>\n\n\n\n<p>An jedem letzten Samstag im Monat findet im Augustiner Chorherren Museum von 14 Uhr bis 16 Uhr das Indersdorfer Repair Caf\u00e9 statt.<\/p>\n\n\n\n<p>Es werden&nbsp; Reparaturen an Unterhaltungselektronik,&nbsp; Haushaltsger\u00e4ten, einfaches Radrichten wie Radschlauchflicken und Schaltung einstellen&#8230;<\/p>\n\n\n\n<p><a href=\"https:\/\/repaircafe-indersdorf.de\/?page_id=2\" data-type=\"page\" data-id=\"2\" target=\"_blank\" rel=\"noreferrer noopener\">Mehr Infos&#8230;<\/a><\/p>\n\n\n\n<p><br>Ein Wunsch des Reparatur-Teams ist es, dass sich noch Leute in den Bereichen Mechanik und Elektronik einbringen. Bei Interesse bitte melden!<\/p>\n\n\n\n<p class=\"has-text-align-center\">Ansprechpartner<\/p>\n\n\n\n<figure class=\"wp-block-table is-style-stripes\"><table><thead><tr><th>Bei Interesse<\/th><th>R\u00fcckfragen zum Inhalt<\/th><\/tr><\/thead><tbody><tr><td>Organisationsleiter Gerhard Seem\u00fcller, Telefon 08136\/92717 oder Georg Weimer, Telefon 08250\/1593<\/td><td>Hubertus Schulz Telefon: 08136\/9140<\/td><\/tr><\/tbody><\/table><\/figure>\n\n\n\n<p><\/p>\n","protected":false},"excerpt":{"rendered":"<p>beheimatet im Heimatverein Indersdorf e.V. Das Repair-Caf\u00e9 w\u00fcnscht alleneingutes neues Jahr Samstag 28. M\u00e4rz 2026 ist das Repair-Caf\u00e9 wieder ge\u00f6ffnet. <a class=\"more-link\" href=\"https:\/\/repaircafe-indersdorf.de\/\">weiterlesen&#8230;<\/a><\/p>\n","protected":false},"author":1,"featured_media":0,"parent":0,"menu_order":0,"comment_status":"closed","ping_status":"open","template":"","meta":{"footnotes":""},"class_list":["post-5","page","type-page","status-publish","hentry"],"_links":{"self":[{"href":"https:\/\/repaircafe-indersdorf.de\/index.php?rest_route=\/wp\/v2\/pages\/5","targetHints":{"allow":["GET"]}}],"collection":[{"href":"https:\/\/repaircafe-indersdorf.de\/index.php?rest_route=\/wp\/v2\/pages"}],"about":[{"href":"https:\/\/repaircafe-indersdorf.de\/index.php?rest_route=\/wp\/v2\/types\/page"}],"author":[{"embeddable":true,"href":"https:\/\/repaircafe-indersdorf.de\/index.php?rest_route=\/wp\/v2\/users\/1"}],"replies":[{"embeddable":true,"href":"https:\/\/repaircafe-indersdorf.de\/index.php?rest_route=%2Fwp%2Fv2%2Fcomments&post=5"}],"version-history":[{"count":105,"href":"https:\/\/repaircafe-indersdorf.de\/index.php?rest_route=\/wp\/v2\/pages\/5\/revisions"}],"predecessor-version":[{"id":455,"href":"https:\/\/repaircafe-indersdorf.de\/index.php?rest_route=\/wp\/v2\/pages\/5\/revisions\/455"}],"wp:attachment":[{"href":"https:\/\/repaircafe-indersdorf.de\/index.php?rest_route=%2Fwp%2Fv2%2Fmedia&parent=5"}],"curies":[{"name":"wp","href":"https:\/\/api.w.org\/{rel}","templated":true}]}}